19/520). Let n(f) = f**2 + 15*f - 68. Give n(d).
-14
Let b(k) = -k + 8. Let s(x) = x**2 + 12*x + 90. Let u be s(-6). Suppose -u = -4*i - 26. Determine b(i).
1
Let j(v) be the first derivative of -13*v**5/60 + v**3/6 + 27*v**2/2 - 20. Let b(y) be the second derivative of j(y). Let s = -13 + 14. What is b(s)?
-12
Suppose 44*c = 37*c + 126. Suppose 10*h - c = 13*h. Let m(f) = 2*f**2 + 10*f + 11. Calculate m(h).
23
Let r(m) = 4*m**2 - m + 1. Suppose -d + 8 = -5*t, 2*t = 4*t + 2. Let l be d/(-18)*(5 + -11). Give r(l).
4
Let m = 455 - 384. Suppose -m - 6 = 11*f. Let r(n) = -n - 2 - 5 - 2. What is r(f)?
-2
Let t(h) = -702 + 332 + h**2 + 372 + 8*h. Let s(q) = 3*q + 2. Let j be s(-3). Calculate t(j).
-5
Let q(w) = 3*w + 3. Let v(h) = 5*h + 3. Suppose 32*n + 33 = 43*n. Let t(u) = n*q(u) - 2*v(u). What is t(-4)?
7
Let x(d) = -2*d**3 - 7*d**2 + 5*d + 5. Let b = 11965 + -11969. Calculate x(b).
1
Let j(u) = 10*u**3 + u**2 + 11*u + 49. Let h(w) = -7*w**3 - 3*w**2 - 7*w - 50. Let b(v) = 3*h(v) + 2*j(v). What is b(-8)?
4
Let x(m) = -m**2 + 3*m + 5. Let q be x(5). Let u be (0*(5 + -2)/(-3))/1. Let v(i) = -i + u - 7 + 5 + 3. Determine v(q).
6
Let s(t) = 4*t**2 - 5*t - 2. Suppose 4*p + 0*p - 4*j - 348 = 0, -3*p + 265 = -j. Suppose 0 = -28*f - p + 201. Determine s(f).
42
Suppose 25*c - 23*c + 2*l = -40, 9 = 2*c - 5*l. Let z(x) = x**3 + 11*x**2 - 28*x - 31. What is z(c)?
-5
Let w be (-1)/3*(-6)/2. Let d(z) be the second derivative of 11*z**3/3 + 3*z**2/2 - 7*z. Let h(m) = -64*m - 8. Let v(y) = -11*d(y) - 4*h(y). Give v(w).
13
Let a(v) = -8. Let x(d) = -2*d**2 - 4*d - 11. Let b(z) = -2*a(z) + x(z). What is b(1)?
-1
Let g(m) = m**2 + 11*m - 149. Let y be g(8). Let w(b) = -2*b**2 + 17*b + 12. Let u(n) = -n**2 + 10*n + 8. Let a(i) = 8*u(i) - 5*w(i). Calculate a(y).
7
Let j be (-12)/(-18)*9/2. Suppose 4*v = 9 + j. Let x(u) = v - 4*u**2 + 4*u**2 - 8*u + 5*u**2 - 4*u**2. What is x(6)?
-9
Let o(f) = -7*f + 2. Let x(p) = 5*p - 2. Let c = -382 + 386. Let b(s) = c*x(s) + 3*o(s). Determine b(-6).
4
Let f(b) be the first derivative of -b**6/120 + 11*b**5/60 - 5*b**4/12 - b**3 - 59*b**2 - 144. Let j(v) be the second derivative of f(v). Calculate j(10).
-6
Let o(c) be the first derivative of -c**6/120 - c**5/10 + c**3/3 - 5*c**2/2 - c + 18. Let t(k) be the second derivative of o(k). Calculate t(-6).
2
Suppose -r = 3, r - 25 = 102*b - 98*b. Let y(u) = 17*u + 73. Determine y(b).
-46
Let f(h) = h**2 + 21*h + 1. Let n(z) = -81*z**2 - 1052*z - 7. Let k be n(-13). Determine f(k).
-19
Let r(w) = -w**3 + 3*w**2 - 3*w + 13. Let v(x) = -30*x - 746. Let b be v(-25). Determine r(b).
-15
Let i(g) = -13*g - 381. Let c(m) = 2*m + 51. Let x(n) = 15*c(n) + 2*i(n). Determine x(5).
23
Suppose -9*v - 3*d - 89 = -5*v, v = 2*d - 14. Let k(p) = p**2 + 16*p - 84. Determine k(v).
-4
Suppose -3*x - 2229 + 6537 = 0. Suppose 10*f - 914 = x. Let b(k) = -3*k**2 - f*k**3 - k + 4*k**2 + 237*k**3. Calculate b(-2).
-10
Let p(y) = -11*y**2 + 13*y - 1. Let q be (15/12)/(1/4). Let n(u) = -5*u**2 + 6*u - 1. Let s(x) = q*n(x) - 2*p(x). Suppose -1296*d + 379 = -2213. Calculate s(d).
-7
Let h(i) = 8*i**2 - 7*i + 158. Let f(o) = 15*o**2 - 15*o + 258. Let w(a) = 3*f(a) - 5*h(a). What is w(-5)?
159
Let h(v) = v**3 + 29*v**2 - 61*v + 39. Let c be h(-31). Let p(q) = 2*q**2 - 21*q + 9. Calculate p(c).
-31
Let d(b) be the third derivative of -b**7/840 - b**6/30 + 7*b**5/60 + 5*b**4/12 + b**3/2 - b**2 + 19. Let m(l) be the first derivative of d(l). Give m(-13).
-3
Suppose -a - 3*p = 73, -4*p + 15 = -p. Let m = a - -85. Let t(j) = -j**3 - 2*j**2 + 3*j + 4. Calculate t(m).
4
Let u(q) = q**2 - 13*q + 32. Let f be (3/(-1))/(19 - 1422/72). What is u(f)?
-4
Let m(x) = 4553*x - 9103*x - x**2 + 4548*x - 13. Determine m(0).
-13
Let l(s) = s**3 + 53*s**2 - 356*s - 112. Let v be l(-59). Let w(q) = -q**2 + 5*q + 7. Give w(v).
1
Let j(u) be the second derivative of u**5/20 - 5*u**4/12 - 3*u**2/2 + u - 120. Suppose -3*y - 6 = -6*y. Let d be 0 + 2 + (y - -1). What is j(d)?
-3
Let w(f) = -f**3 - 6*f**2 - 4*f. Suppose -6*d = -t - 5*d - 229, -2*d + 234 = -t. Let n be (-8)/60 + t/(-105). Let i be (-5)/(n*5/10). Give w(i).
-5
Let i(g) be the first derivative of g**4/12 + 41*g**2 - 104. Let m(r) be the second derivative of i(r). Let v(w) = -w + 8. Let j be v(7). Determine m(j).
2
Let g(f) = -f**3 - 9*f**2 + f + 8. Let i be g(-9). Let y(q) = 9*q**3 + 2*q + 2. Give y(i).
-9
Let k(c) = c**3 - 9*c**2 + 14*c + 5. Let p be k(7). Let v(h) = 12 - 6 + 2*h**2 + 2*h - p*h**3 - 5. What is v(-1)?
6
Let a(c) be the second derivative of -c**4/24 - 17*c**3/6 + 307*c**2/2 - c - 137. Let t(m) be the first derivative of a(m). Calculate t(-14).
-3
Let d(r) = r**3 - 10*r**2 + 18*r - 44. Suppose 67*t = 4*x + 65*t - 30, -5*x + t + 42 = 0. Give d(x).
37
Let n(a) = -a**3 - 10*a**2 + 23*a + 9. Let h = 15148 - 15160. Calculate n(h).
21
Let w = -3 + -6. Let z(f) = 91*f - 88*f + 21 - 9. Give z(w).
-15
Let b(d) be the third derivative of -d**5/60 - d**4/24 + 317*d**2. What is b(1)?
-2
Let f(c) = -c**3 - 16*c**2 - 14*c + 10. Suppose 3*s + 1881 - 1836 = 0. Give f(s).
-5
Let c be (12/48)/((-3)/(-48)). Let l(g) = -3*g**3 + 7*g**2 - 2*g + 1. Let j(s) = -4*s**3 + 8*s**2 - 2*s + 2. Let u(k) = -2*j(k) + 3*l(k). Determine u(c).
7
Let z be 4 - (2 - (3 - 3)). Let n(m) = -4*m - 13 + 10*m**2 - 3*m**z + 4. Let d(i) = 4*i**2 - 2*i - 5. Let x(b) = 11*d(b) - 6*n(b). What is x(-2)?
3
Let w = -382 - -69. Let p = 193 + w. Let b be p/15*(-3)/4. Let k(y) = y**2 - 9*y + 8. Calculate k(b).
-10
Let l(g) = g**3 + 9*g**2 + 6*g - 8. Suppose 11*u - 2017 = 3604. Let m = u - 519. Determine l(m).
8
Suppose 13*r + 36 = 7*r. Let i(b) = -7252*b**2 + 3630*b**2 - b**3 + 3617*b**2 + 7*b + 5. Calculate i(r).
-1
Let x(t) be the second derivative of t**3/6 + 7*t**2 - 3*t + 138. Calculate x(-11).
3
Let r(y) = -2*y**2 - 18*y - 5. Let q be r(-8). Let c(h) = -q*h**2 + 209*h + 1 - 209*h. Give c(-1).
-10
Let i = 135 - 145. Let r(p) = 434 - 110 + 4*p - 98 - 98 - 114. Determine r(i).
-26
Suppose -14*b + 3 + 39 = 0. Let s(y) = -y**3 - 3*y**2 + 4*y - 1. Let r(x) = -2*x**3 - 4*x**2 + 7*x - 3. Let m(a) = -3*r(a) + 5*s(a). Determine m(b).
1
Let l(i) = 0*i**2 - 3*i**3 + 2*i + 1 - 7*i**2 + 4*i**3. Let o = 48669 - 48662. Calculate l(o).
15
Let n(j) = 3*j**2 - 2*j - 1. Let c(a) be the third derivative of -a**5/60 + 3*a**4/8 - 19*a**3/6 + 2*a**2. Let d be c(5). Suppose 2*z + d = z. Calculate n(z).
4
Let y be (1 - 2) + 8 + -9. Let q(r) = 92*r + 57. Let v(w) = 51*w + 31. Let a(d) = 5*q(d) - 9*v(d). Determine a(y).
4
Let n be ((-6)/(-8))/(1/48*4). Suppose n*s - 56 = -5*s. Let y(r) be the first derivative of -r**3/3 + r**2 + 4*r + 2. Calculate y(s).
-4
Let o(t) be the second derivative of -1/2*t**2 + 1/6*t**3 + t + 38. Suppose -60 = -5*a + 5*l, 0 = 3*a + a - 5*l - 50. Give o(a).
9
Suppose -14*j + 12*j = -6. Suppose 3*m + 3 = 4*m, 5*c + j*m - 54 = 0. Let u(w) = -w**3 + 10*w**2 - 10*w + 9. What is u(c)?
0
Let r(z) = z**2 + 15*z - 28. Let g(i) = i**2 - 2*i - 7. Let l be g(4). Let w be (4 + 13/(-3))/(l/51). Calculate r(w).
6
Let o(b) = 3*b**2 + 7. Let m(t) = t**3 - 26*t**2 - 88*t + 34. Let v be m(29). What is o(v)?
82
Let t(l) = -8*l - 42. Let d(x) = -63*x - 348. Let s(q) = -4*d(q) + 33*t(q). Determine s(-1).
18
Suppose -7*r + 0 = -7. Let j be -6 - r/3*-15. Let b(z) = 5*z**3 + 2*z + 2. Calculate b(j).
-5
Let k(r) = 11*r**2 + 19*r + 39. Let l(g) = 4*g**2 + 7*g + 14. Let p(s) = -3*k(s) + 8*l(s). What is p(-3)?
-11
Let z(s) be the third derivative of -s**5/60 - 7*s**4/12 - 5*s**3/6 + 3078*s**2. What is z(-18)?
-77
Let s(m) = -3*m - 9. Suppose 1 = w + 5, -4*t + 12 = 2*w. Let u = -197 - -201. Suppose -b = -t*f - 27, -u*f - 15 = b - 4*b. What is s(f)?
9
Let x = 24 - 34. Let p(a) = -21*a**3 + 38*a**2 - 13*a - 69. Let r(d) = -13*d**3 + 25*d**2 - 8*d - 43. Let f(o) = -5*p(o) + 8*r(o). Calculate f(x).
-9
Let r be (-496)/4960 + 4/10*(-2)/(-8). Let f(d) = d - 33. Let v(s) = s + 1. Let i(a) = f(a) - 2*v(a). Determine i(r).
-35
Suppose g - 1 = -m, 5*g - 18 = 3*m + g. Let t(s) = 16*s - 9. Let y(q) = -25*q + 86. Let f be y(3). Let u(r) = 3*r - 2. Let w(v) = f*u(v) + m*t(v). What is w(4)?
0
Suppose 0*b - 81*b = 31*b - 224. Let a(u) be the first derivative of b*u + 1/2*u**2 + 23. Calculate a(-6).
-4
Suppose 2*c + c = 6. Suppose -4*a = -8*y + 5*y + 14, -2*y